{"id":3,"date":"2022-01-03T20:38:36","date_gmt":"2022-01-03T19:38:36","guid":{"rendered":"https:\/\/www.zsmirosovice.cz\/?page_id=3"},"modified":"2022-01-05T16:04:45","modified_gmt":"2022-01-05T15:04:45","slug":"ochrana-osobnich-udaju","status":"publish","type":"page","link":"https:\/\/www.zsmirosovice.cz\/index.php\/ochrana-osobnich-udaju\/","title":{"rendered":"Z\u00e1sady ochrany osobn\u00edch \u00fadaj\u016f"},"content":{"rendered":"<h2>INFORMACE O ZPRACOV\u00c1N\u00cd OSOBN\u00cdCH \u00daDAJ\u016e &#8211; COOKIES<\/h2>\n<p>\u0160kola <strong>Z\u00e1kladn\u00ed \u0161kola Miro\u0161ovice, okres Praha \u2013 v\u00fdchod<\/strong>, I\u010c <strong>71004734<\/strong> (d\u00e1le jen \u201e\u0160kola\u201c), jako\u017eto spr\u00e1vce osobn\u00edch \u00fadaj\u016f, t\u00edmto informuje u\u017eivatele sv\u00fdch webov\u00fdch str\u00e1nek (d\u00e1le jen \u201esubjekty \u00fadaj\u016f\u201c) o zp\u016fsobu a rozsahu zpracov\u00e1n\u00ed osobn\u00edch \u00fadaj\u016f ze strany \u201e\u0160koly\u201c, v\u010detn\u011b rozsahu pr\u00e1v subjekt\u016f \u00fadaj\u016f souvisej\u00edc\u00edch se zpracov\u00e1n\u00edm jejich osobn\u00edch \u00fadaj\u016f.<\/p>\n<p>Cookies jsou mal\u00e9 textov\u00e9 soubory, kter\u00e9 internetov\u00e9 str\u00e1nky ukl\u00e1daj\u00ed na po\u010d\u00edta\u010d nebo mobiln\u00ed za\u0159\u00edzen\u00ed v okam\u017eiku, kdy tyto str\u00e1nky za\u010dne u\u017eivatel vyu\u017e\u00edvat. Str\u00e1nky si tak na ur\u010ditou dobu zapamatuj\u00ed preference a \u00fakony, kter\u00e9 na nich uskute\u010dnil (nap\u0159. p\u0159ihla\u0161ovac\u00ed \u00fadaje, jazyk, velikost p\u00edsma a jin\u00e9 zobrazovac\u00ed preference), tak\u017ee tyto \u00fadaje pak nemus\u00ed zad\u00e1vat znovu a p\u0159eskakovat z jedn\u00e9 str\u00e1nky na druhou. Cookies obsahuj\u00ed informace t\u00fdkaj\u00edc\u00ed se pou\u017e\u00edv\u00e1n\u00ed internetu, ale neidentifikuj\u00ed konkr\u00e9tn\u00ed osobu. Cookies jako takov\u00e9 nep\u0159edstavuj\u00ed riziko pro samotn\u00fd po\u010d\u00edta\u010d. V d\u016fsledku shroma\u017e\u010fov\u00e1n\u00ed \u00fadaj\u016f v\u0161ak m\u016f\u017ee obecn\u011b doch\u00e1zet ke ztr\u00e1t\u011b anonymity jednotliv\u00fdch u\u017eivatel\u016f. V\u0161e se samoz\u0159ejm\u011b odv\u00edj\u00ed od toho, jak\u00e9 informace n\u00e1v\u0161t\u011bvn\u00edk webu sd\u011bluje (lze nastavit p\u0159\u00edmo v za\u0159\u00edzen\u00ed samotn\u00fdm u\u017eivatelem).<\/p>\n<h3>Soubory cookies obecn\u011b pom\u00e1haj\u00ed nap\u0159.:<\/h3>\n<ul>\n<li>m\u011b\u0159en\u00ed n\u00e1v\u0161t\u011bvnosti webov\u00fdch str\u00e1nek a vytv\u00e1\u0159en\u00ed statistik t\u00fdkaj\u00edc\u00ed se n\u00e1v\u0161t\u011bvnosti a chov\u00e1n\u00ed n\u00e1v\u0161t\u011bvn\u00edk\u016f na webov\u00fdch str\u00e1nk\u00e1ch;<\/li>\n<li>navigace a fungov\u00e1n\u00ed webov\u00fdch str\u00e1nek;<\/li>\n<li>personalizaci obsahu webov\u00fdch str\u00e1nek v\u010detn\u011b reklamn\u00edch sd\u011blen\u00ed;<\/li>\n<\/ul>\n<p>Pou\u017e\u00edv\u00e1n\u00ed soubor\u016f cookies lze nastavit pomoc\u00ed internetov\u00e9ho prohl\u00ed\u017ee\u010de. V\u011bt\u0161ina prohl\u00ed\u017ee\u010d\u016f soubory cookies automaticky p\u0159ij\u00edm\u00e1 ji\u017e ve v\u00fdchoz\u00edm nastaven\u00ed. Soubory cookies lze pomoc\u00ed webov\u00e9ho prohl\u00ed\u017ee\u010de odm\u00edtnout nebo nastavit u\u017e\u00edv\u00e1n\u00ed jen n\u011bkter\u00fdch soubor\u016f cookies.<\/p>\n<p>Pokud u\u017eivatel sd\u00edl\u00ed dan\u00e9 za\u0159\u00edzen\u00ed s dal\u0161\u00edmi osobami, pak sd\u00edlen\u00ed nastaven\u00ed prohl\u00ed\u017ee\u010de s jin\u00fdmi osobami v\u010detn\u011b cookies je pouze na jeho svobodn\u00e9 volb\u011b a jeho zodpov\u011bdnosti.<\/p>\n<h3>\u0160kola zpracov\u00e1v\u00e1 v souvislosti s vyu\u017eit\u00edm webov\u00fdch str\u00e1nek n\u00e1sleduj\u00edc\u00ed \u00fadaje<\/h3>\n<ul>\n<li>Cookies, kter\u00e9 jsou nezbytn\u011b nutn\u00e9 pro zaji\u0161t\u011bn\u00ed provozu webov\u00fdch str\u00e1nek a internetov\u00fdch slu\u017eeb, a u kter\u00fdch nen\u00ed nutno z\u00edskat souhlas u\u017eivatele (interpreta\u010dn\u00ed vod\u00edtka k ur\u010den\u00ed takov\u00fdch cookies poskytuje WP194), jde o tzv. funk\u010dn\u00ed \u010di technick\u00e9 a rela\u010dn\u00ed cookies. <em>Funk\u010dn\u00ed cookies <\/em>\u2013 Jedn\u00e1 se o soubory, kter\u00e9 jsou bezprost\u0159edn\u011b zapot\u0159eb\u00ed k zaji\u0161t\u011bn\u00ed z\u00e1kladn\u00edch funkc\u00ed webov\u00e9 str\u00e1nky. Tyto druhy cookies jsou vzhledem ke sv\u00e9 podstat\u011b a \u00fa\u010delu bez dal\u0161\u00edho povoleny a souhlas subjektu \u00fadaj\u016f se zde nevy\u017eaduje. Funk\u010dn\u00ed cookies jsou vyu\u017e\u00edv\u00e1ny v\u017edy.<\/li>\n<\/ul>\n<h3>\u0160kola nevyu\u017e\u00edv\u00e1 a ani nedala pokyn Zpracovateli k vyu\u017e\u00edv\u00e1n\u00ed n\u00e1sleduj\u00edc\u00edch cookies<\/h3>\n<ul>\n<li><strong>Cookies t\u0159et\u00edch stran pro anal\u00fdzu n\u00e1v\u0161t\u011bvnosti<\/strong> \u2013 <em>Jde o v<\/em><em>\u00fdkonnostn\u00ed cookies<\/em>\u2013 pom\u00e1haj\u00ed vylep\u0161ovat a zefektiv\u0148ovat funkce webov\u00fdch str\u00e1nek sledov\u00e1n\u00edm aktivit n\u00e1v\u0161t\u011bvn\u00edk\u016f na nich. D\u00edky v\u00fdkonnostn\u00edm cookies si webov\u00e1 str\u00e1nka dok\u00e1\u017ee nap\u0159. zapamatovat v minulosti vybran\u00e9 p\u0159edvolby n\u00e1v\u0161t\u011bvn\u00edka \u010di urychlit zpracov\u00e1n\u00ed jeho po\u017eadavku. K vyu\u017e\u00edv\u00e1n\u00ed cookies tohoto druhu pot\u0159ebuje provozovatel webu souhlas subjektu \u00fadaj\u016f. Bez takov\u00e9ho souhlasu nelze v\u00fdkonnostn\u00ed cookies vyu\u017e\u00edvat.<\/li>\n<li><strong>Napojen\u00ed na soci\u00e1ln\u00ed s\u00edt\u011b<\/strong> \u2013 vybran\u00e9 webov\u00e9 str\u00e1nky pou\u017e\u00edvaj\u00ed informa\u010dn\u00ed aplikace t\u0159et\u00edch stran, kter\u00e9 umo\u017e\u0148uj\u00ed u\u017eivateli sd\u00edlet obsah webov\u00fdch str\u00e1nek \u010di jeho n\u00e1zor o t\u011bchto str\u00e1nk\u00e1ch. To se t\u00fdk\u00e1 p\u0159\u00edpad\u016f tla\u010d\u00edtek \u201eSd\u00edlet\u201c, \u201eL\u00edb\u00ed se mi\u201c souvisej\u00edc\u00edch se soci\u00e1ln\u00edmi s\u00edt\u011bmi jako \u201eFacebook\u201c, \u201eGoogle+\u201c, Twitter\u201c, atd. Pokud u\u017eivatel vyu\u017eije tyto plug-iny, nap\u0159. t\u00edm, \u017ee klikne na tla\u010d\u00edtko \u201eL\u00edb\u00ed se mi\u201c nebo t\u00edm, \u017ee n\u011bkde zanech\u00e1 koment\u00e1\u0159, informace budou p\u0159eposl\u00e1ny soci\u00e1ln\u00ed s\u00edti, a publikov\u00e1ny na jeho \u00fa\u010dtu. Doporu\u010dujeme p\u0159e\u010d\u00edst si politiku ochrany osobn\u00edch \u00fadaj\u016f dan\u00fdch soci\u00e1ln\u00edch s\u00edt\u00ed p\u0159ed t\u00edm, ne\u017e u\u017eivatel za\u010dne tyto s\u00edt\u011b aktivn\u011b pou\u017e\u00edvat.<\/li>\n<li><strong>Marketingov\u00e9 cookies<\/strong> \u2013 Tyto cookies pou\u017e\u00edvaj\u00ed reklamn\u00ed spole\u010dnosti k zobrazov\u00e1n\u00ed reklam, kter\u00e9 jsou relevantn\u00ed pro u\u017eivatele.<\/li>\n<\/ul>\n<p>\u0160kola zpracov\u00e1v\u00e1 osobn\u00ed \u00fadaje pouze v souladu s uveden\u00fdmi \u00fa\u010dely a v rozsahu a po dobu nezbytnou pro napln\u011bn\u00ed t\u011bchto stanoven\u00fdch \u00fa\u010del\u016f.<\/p>\n<h3>Kdo v\u0161echno bude m\u00edt k Va\u0161im osobn\u00edm \u00fadaj\u016fm p\u0159\u00edstup?<\/h3>\n<p>Osobn\u00ed \u00fadaje mohou b\u00fdt pro zaji\u0161t\u011bn\u00ed v\u00fd\u0161e popsan\u00fdch \u00fa\u010del\u016f vedle Organizace a jeho zam\u011bstnanc\u016f zpracov\u00e1v\u00e1ny tak\u00e9 partnery \u0161koly. Extern\u00edmi partnery, kte\u0159\u00ed jako zpracovatel\u00e9 mohou zpracov\u00e1vat Va\u0161e osobn\u00ed \u00fadaje, si \u0161kola pe\u010dliv\u011b vyb\u00edr\u00e1 a sv\u011b\u0159\u00ed osobn\u00ed \u00fadaje pouze t\u011bm partner\u016fm, kte\u0159\u00ed poskytuj\u00ed dostate\u010dn\u00e9 z\u00e1ruky zaji\u0161t\u011bn\u00ed vhodn\u00fdch technick\u00fdch a organiza\u010dn\u00edch opat\u0159en\u00ed, aby nemohlo zejm\u00e9na doj\u00edt k n\u00e1hodn\u00e9mu nebo protipr\u00e1vn\u00edmu zni\u010den\u00ed, ztr\u00e1t\u011b, pozm\u011b\u0148ov\u00e1n\u00ed, neopr\u00e1vn\u011bn\u00e9mu zp\u0159\u00edstupn\u011bn\u00ed p\u0159ed\u00e1van\u00fdch, ulo\u017een\u00fdch nebo jinak zpracov\u00e1van\u00fdch osobn\u00edch \u00fadaj\u016f, nebo neopr\u00e1vn\u011bn\u00e9mu p\u0159\u00edstupu k nim.<\/p>\n<h3>Subjekty, kter\u00e9 mohou m\u00edt p\u0159\u00edstup k Va\u0161im osobn\u00edm \u00fadaj\u016fm, jsou \u010di v budoucnu mohou b\u00fdt<\/h3>\n<ul>\n<li>osoby, kter\u00e9 pro Organizace zaji\u0161\u0165uj\u00ed technick\u00fd provoz ur\u010dit\u00e9 slu\u017eby \u010di provozovatel\u00e9 technologi\u00ed, kter\u00e9 Organizace pro tyto slu\u017eby vyu\u017e\u00edv\u00e1 (zpracovatel\u00e9);<\/li>\n<\/ul>\n","protected":false},"excerpt":{"rendered":"<p>INFORMACE O ZPRACOV\u00c1N\u00cd OSOBN\u00cdCH \u00daDAJ\u016e &#8211; COOKIES \u0160kola Z\u00e1kladn\u00ed \u0161kola Miro\u0161ovice, okres Praha \u2013 v\u00fdchod, I\u010c 71004734 (d\u00e1le jen \u201e\u0160kola\u201c), jako\u017eto spr\u00e1vce osobn\u00edch \u00fadaj\u016f, t\u00edmto informuje u\u017eivatele sv\u00fdch webov\u00fdch str\u00e1nek (d\u00e1le jen \u201esubjekty \u00fadaj\u016f\u201c) o zp\u016fsobu a rozsahu zpracov\u00e1n\u00ed osobn\u00edch [&hellip;]<\/p>\n","protected":false},"author":8,"featured_media":0,"parent":0,"menu_order":0,"comment_status":"closed","ping_status":"open","template":"","meta":{"footnotes":""},"class_list":["post-3","page","type-page","status-publish","hentry"],"_links":{"self":[{"href":"https:\/\/www.zsmirosovice.cz\/index.php\/wp-json\/wp\/v2\/pages\/3","targetHints":{"allow":["GET"]}}],"collection":[{"href":"https:\/\/www.zsmirosovice.cz\/index.php\/wp-json\/wp\/v2\/pages"}],"about":[{"href":"https:\/\/www.zsmirosovice.cz\/index.php\/wp-json\/wp\/v2\/types\/page"}],"author":[{"embeddable":true,"href":"https:\/\/www.zsmirosovice.cz\/index.php\/wp-json\/wp\/v2\/users\/8"}],"replies":[{"embeddable":true,"href":"https:\/\/www.zsmirosovice.cz\/index.php\/wp-json\/wp\/v2\/comments?post=3"}],"version-history":[{"count":6,"href":"https:\/\/www.zsmirosovice.cz\/index.php\/wp-json\/wp\/v2\/pages\/3\/revisions"}],"predecessor-version":[{"id":175,"href":"https:\/\/www.zsmirosovice.cz\/index.php\/wp-json\/wp\/v2\/pages\/3\/revisions\/175"}],"wp:attachment":[{"href":"https:\/\/www.zsmirosovice.cz\/index.php\/wp-json\/wp\/v2\/media?parent=3"}],"curies":[{"name":"wp","href":"https:\/\/api.w.org\/{rel}","templated":true}]}}